= -2109 + 4122 - 2045 + 18*j. What is the tens digit of m(h)?
2
Suppose -9*c + 8*c = 5*y - 17183, -10315 = -3*y + 2*c. Suppose -5*q = -8*q - 4*a + y, 1150 = q - 3*a. What is the thousands digit of q?
1
What is the units digit of -24 + (244972/26 - -17)?
5
Let n(x) = x**3 + 9*x**2 - x - 12. Let j be n(-9). Let r be (-2)/5 + j*(-8)/60. Suppose -4*k + 5*w = -7, r = 5*k - 5*w - 2 - 8. What is the units digit of k?
3
Suppose 703 - 3798 = 5*k. Let f = 957 + k. What is the tens digit of f?
3
Let b be ((-133)/(-14) + -8)*(-474)/(-9). Let g = b - -1527. What is the thousands digit of g?
1
Suppose -35*i = -32*i - 30. Suppose 0 = 2*j + i*j - 4824. What is the units digit of j?
2
Let j(o) be the third derivative of o**5/30 + o**4/3 - 17*o**3/6 - 519*o**2. Let h = -19 - -11. What is the tens digit of j(h)?
4
Suppose 32*l + 7866 - 2970 = 0. Suppose 5*a = 5, -2*c - 6*a = -a + 81. Let m = c - l. What is the tens digit of m?
1
Suppose 30*f - 29*f - 5*p - 33133 = 0, 6*p - 54 = 0. What is the tens digit of f?
7
Let l be 2*545/10 + 1. Let o be 1*3/((-6)/l). Let b = -45 - o. What is the units digit of b?
0
Let o = -124 + 227. Suppose -o = 3*d + 71. Let g = d + 153. What is the units digit of g?
5
Let x(t) = -t**3 + 18*t**2 + 23*t - 67. What is the units digit of x(-20)?
3
Suppose 3*i = 3*s + 588, -21*s + 3*i = -17*s + 779. Let t = 385 + s. What is the tens digit of t?
9
What is the ten thousands digit of 1/((-1019614)/(-92692) + (-2 - 9))?
4
Suppose -8*y + 8*y = 14*y. Suppose -56*r + 34128 + 28424 = y. What is the units digit of r?
7
Let z = 234 + -233. Let f(p) = 462*p**3 + 4*p**2 - 2*p - 2. What is the hundreds digit of f(z)?
4
Let l(c) = 2*c**2. Let f be l(0). Suppose -2*r = 3*h - 4*r - 222, 5*h + 5*r - 370 = f. What is the units digit of h?
4
Suppose -t - 416423 = -32*t. What is the thousands digit of t?
3
Suppose 0 = -5*u - 2*f - 3347, -4*f = -2*u + 7*u + 3349. Let c = 1475 + u. What is the tens digit of c?
0
Let f be (-163828)/(-32) - 12/(-32). Suppose -f = -36*k + 31420. What is the tens digit of k?
1
Let d(s) = -10*s**2 + 4*s + 4. Let z be d(-1). What is the units digit of (37 - (8 - -4))*(-336)/z?
0
Suppose 2830*s - 240464 = 2792*s. What is the hundreds digit of s?
3
Let k(u) = -u**2 - 275*u - 226. What is the ten thousands digit of k(-55)?
1
Suppose -1864*l = -1869*l + 129130. What is the hundreds digit of l?
8
Let t be (-10)/((1 + -2)/((-7)/(-7))). What is the tens digit of -10*(-356)/8 - t/2?
4
Let p(j) = -12*j - 14. Let v be p(7). Let b = v - -103. Suppose 270 = -0*c + b*c. What is the units digit of c?
4
Suppose -5*q - 5*n + 10*n = -70, 4*n - 20 = 0. Suppose f - 19 = 2*v, -5*v - q = f + 46. Let o = 68 + v. What is the tens digit of o?
5
Let r(j) = 127*j + 161. Let g be r(-4). Let o = 461 + g. What is the units digit of o?
4
Let o(p) = p**3 + 4*p**2 - 4*p - 20. Let k be o(-3). What is the tens digit of k/4 + (-111851)/(-148)?
5
Let x(k) be the third derivative of 19*k**5/60 + k**4/8 - 8*k**3/3 + 73*k**2. What is the tens digit of x(-5)?
4
What is the tens digit of (4/(-6))/(112/(-8723904))?
2
Let z = 19028 + -9783. What is the thousands digit of z?
9
Suppose -2*z = -3*v - 14, 4*z = 3*v - 4*v. Suppose 2*y + 6*x + 16 = 8*x, 3*x = -2*y - 11. What is the hundreds digit of (4/v)/(((-21)/(-408))/y)?
1
Suppose 0 = -3*u + 5*u - 6. Let g = -6 + 6. Suppose 5*a - 5*m - 270 = g, u*m - 2 = 2*m. What is the units digit of a?
6
Suppose -29*i + 52 + 6 = 0. Suppose 5*u = 2*m + m + 440, -i*u + 2*m = -172. What is the units digit of u?
1
Suppose -2*s + 69 = s. Suppose -2*j + 12 = z, -4*z + s + 30 = 3*j. Suppose 3*u + z = 4*u. What is the tens digit of u?
1
Let u be (4 - 1)*1*47/(-1). What is the units digit of (-3)/2*1222/u?
3
Let o be 5*4/10 + 3. Suppose s + s = -o*m - 629, -4*m - 1240 = 4*s. Let k = s + 467. What is the tens digit of k?
6
Let b(f) be the third derivative of -f**6/120 + f**5/5 + f**4/6 + 7*f**3/6 - 11*f**2 - 2. What is the units digit of b(10)?
7
Let d(c) = -142*c - 296. Let h be d(-10). Let g = -224 + h. What is the hundreds digit of g?
9
Suppose 10 - 6 = 2*f. Suppose -2*i + 5*u = -1396, -2*u = f*i + i - 2056. What is the tens digit of i?
8
Suppose -11045 = -3*a + v + 21162, 5*a - 4*v = 53676. What is the thousands digit of a?
0
Let o(z) = 10*z**3 - 10*z**2 - 32*z + 98. What is the ten thousands digit of o(13)?
1
Suppose -3*z = 2*r - 66397, -r + 33212 = 219*z - 222*z. What is the units digit of r?
3
Let q(h) be the second derivative of -h**4/6 + h**3/3 + 136*h**2 + 4*h. Let s be q(0). Suppose 0 = 14*k - 12*k - s. What is the tens digit of k?
3
Let w(k) = 56*k**2 - 43*k - 1. What is the thousands digit of w(9)?
4
Suppose 22*w = -g + 17*w + 6823, -2 = w. What is the thousands digit of g?
6
Let y(z) = -z**3 + 11*z**2 + 13*z - 1. Let l be y(12). Suppose -169 + 48 = -l*w. What is the tens digit of w?
1
Suppose -16424 - 99476 = -25*s. What is the hundreds digit of s?
6
What is the thousands digit of 493616/10 + ((-112)/70 - -1)?
9
Let u be ((-5)/(-10))/((-5)/(-60)) - -3. Let i(a) be the third derivative of -a**6/120 + a**5/6 - a**4/3 + 3*a**3 + 3*a**2. What is the units digit of i(u)?
7
Let w be (-2 - 0)/((-13)/117). Let u be 598 + (-60)/w*(-6)/5. Suppose o + 5*t + 83 = 256, 0 = 4*o + 2*t - u. What is the units digit of o?
8
Suppose 0 = -10*n + 14*n. Suppose n*b - 3*b = -4*q - 557, -3*b + 560 = -q. What is the hundreds digit of b?
1
Let f(b) = -b**3 - b**2 - 10*b - 6. Let o = -78 + 74. Let z be f(o). Suppose 5*p - 5*y - 265 = 0, 4*p - 2*y + z - 286 = 0. What is the units digit of p?
9
Let q be (-851)/(18/(-99) - 1/(-66)). Suppose -211*y + 205*y + q = 0. What is the units digit of y?
1
Suppose 2*r + 4*o - 5984 = 0, 2*r = -3*r + o + 15004. What is the hundreds digit of r?
0
Suppose 6*c + 168 + 60 = 0. Let w = 48 + c. Let g = 201 + w. What is the tens digit of g?
1
Suppose -i - 2*s = 2*s - 252, -3*s = -i + 259. Let h = i + -161. What is the units digit of h?
5
Let f(n) = -8 + 4 + 1 + 9 + 66*n. What is the tens digit of f(2)?
3
Let u be -9 - 7 - -12 - -8. Suppose -3*y = 2*y + 5, 2*f - 2*y - 78 = 0. Suppose -358 = -u*t + f. What is the tens digit of t?
9
Suppose 0 = 2*c - 61 - 21. Let l = c + -39. Suppose -4*h = -l*h - 64. What is the units digit of h?
2
Suppose -15*c + 6036 = 5001. Let a be (1 - 0) + (-296)/(-4). Let q = a - c. What is the units digit of q?
6
Suppose -6029*u = -6019*u - 1890. What is the tens digit of u?
8
Suppose 17*g = 3*g + 14. Let w(c) = 579*c**2 - 1. What is the tens digit of w(g)?
7
Let g(w) = 2*w**3 - 13*w + 1501. What is the units digit of g(0)?
1
Let b(p) = 7*p**3 - p**3 - 4*p**3 - 3*p**3 + 3 - 5*p + 18*p**2. What is the units digit of b(17)?
7
Let g(a) = 20*a**3 + 2*a**2 - a. Let q be g(1). Let r(h) = h**2 + 155*h + 910. Let b be r(-6). Suppose q = x - b. What is the tens digit of x?
3
Suppose 0 = 3*n + m - 4, -4*m = 5*n - 0*m + 5. What is the tens digit of (n - 15/3) + 82 - -4?
8
Suppose -4*w - 485 + 1023 = -1998. What is the hundreds digit of w?
6
Let i be (835/(-5))/(7/(-35)). What is the hundreds digit of i - (5 + -6)*7?
8
Let t = 9 + 23. Suppose -y + t = 7*y. Let r(v) = 15*v + 11. What is the tens digit of r(y)?
7
Let q be ((-16)/(-24))/((-6)/(-1764)). Suppose -c + q = -641. What is the units digit of c?
7
Suppose 4*c + 94*s - 98*s - 128632 = 0, 64292 = 2*c + s. What is the tens digit of c?
5
Let v(o) = 22*o**2 + 5*o + 10. Let k(y) = 65*y**2 + 16*y + 31. Let t(z) = 4*k(z) - 11*v(z). Let l be t(-4). Let u = l + -180. What is the units digit of u?
6
Suppose 222118 = 10*x + 66838. What is the units digit of x?
8
Let p = 96 - 94. Suppose -p*n + 3*h + 61 = 0, -n - 4*h + 53 = -h. What is the tens digit of n?
3
Let c(z) = -2*z**2 + 4*z**2 + 0*z**2 + 2*z - 3*z + 2. Let w be c(-2). What is the tens digit of (-24)/w - 1*-29?
2
Let k(n) = 9850*n**2 + 36*n - 30. What is the thousands digit of k(1)?
9
What is the units digit of (-22)/(16 - 5) + (-289260)/(-5)?
0
Suppose -113883*g - 1160975 = -113908*g. What is the ten thousands digit of g?
4
Let t(n) be the third derivative of n**4/6 - n**3/3 + n**2. Suppose 63 = 16*z + 47. What is the units digit of t(z)?
2
Let t(w) = 21*w**2 - 34*w - 483. What is the hundreds digit of t(-13)?
5
Let r(z) = -2*z**3 + 364*z**2 - 523*z - 258. What is the ten thousands digit of r(180)?
3
Suppose 2*n - 81534